v(-4) is divided by 8?
4
Let u(h) = -h**3 - 5*h**2 - 14*h - 47. What is the remainder when u(-6) is divided by 37?
36
Let k = -6 + 14. Suppose k*w = 7*w + 58. Calculate the remainder when w is divided by 12.
10
What is the remainder when (1*(-2)/(-1))/(12/570) is divided by 25?
20
Let i be 1*(-8)/((-12)/3). Suppose -2*u - 20 = 3*u, -i*m = 5*u - 26. Let a(q) = -9*q + 3. What is the remainder when m is divided by a(-1)?
11
Suppose 8 = -0*p - 2*p. What is the remainder when -4 + 67 + (-1 - p) is divided by 17?
15
Suppose 7*q - 2*q - 5*a - 15 = 0, -4*q = 3*a - 47. Suppose -q*x + 20 = -6*x. What is the remainder when 69 is divided by x?
9
What is the remainder when (70/12 + 12/18)*124 is divided by 15?
11
Let c = 72 - 31. What is the remainder when c is divided by (-579)/(-27) - (-20)/(-45)?
20
Suppose -17*l = -20*l + 72. Calculate the remainder when 32 is divided by l.
8
Let q = 8 - 6. Let k be ((-9)/(-3) + 1)/q. Suppose -4*z + 92 = 4*h, k*h + 2*h - 64 = 3*z. What is the remainder when h is divided by 10?
9
Let r = 31 - 29. Suppose r*q = -4*q + 330. Calculate the remainder when q is divided by 14.
13
Let d = 43 - 41. What is the remainder when 26 is divided by d/(-4)*(-1 + -17)?
8
Let h(d) = -9*d + 7. Let m be h(4). Let s = 70 + m. Calculate the remainder when 79 is divided by s.
38
Calculate the remainder when 6/(66/1771) + 3/3 is divided by 33.
30
Suppose -99 = -3*q + 3*p, q - 49 = 8*p - 11*p. What is the remainder when 480 is divided by q?
36
Let b = 37 + 79. Let c = -103 + b. What is the remainder when 89 is divided by c?
11
Suppose 5*v + 48 = 4*t, 0*t - v = 2*t - 10. Suppose 20 = 3*m + m. Suppose -22 = -t*r + m*r. Calculate the remainder when 42 is divided by r.
9
Let n = 4 + 35. Let b = 5 + 14. Let p = 39 - b. Calculate the remainder when n is divided by p.
19
Let q be ((-6)/33 - (-21)/(-66))*-2. What is the remainder when q*(83 - (-3 + 3)) is divided by 12?
11
Let p(u) = -26*u**2 - 5*u + 2. Let d be p(1). Let q = 75 + d. Calculate the remainder when 179 is divided by q.
41
Suppose 5*l - 7*l + 62 = 3*m, 0 = l - 4*m - 53. What is the remainder when l is divided by 23?
14
Suppose -5*c + 2*v + 134 = 0, -v + 128 = 5*c - 0*c. Suppose -h - 3*k = -30, -9 = -h + 3*k + k. What is the remainder when c is divided by h/2*(-4)/(-3)?
12
Let x = 1160 + -1939. Let w = 143 + -154. Calculate the remainder when x/w - (-12)/66 is divided by 24.
23
Suppose -3*n - r = 2*n - 30, r - 20 = -3*n. Suppose -5 = -u - 2*j, 4 = u + n*j - 1. Let q(d) = 6*d - 6. What is the remainder when 47 is divided by q(u)?
23
Suppose 4*s + 4 = j, 0*s + 2*s - 5*j - 16 = 0. Suppose 0 = -0*f - 5*f - a + 85, -5*a = -4*f + 39. Let d = s + f. Calculate the remainder when d is divided by 5.
4
Suppose -3*v = 2*f + 7, 0 = -3*v - 0*f + 5*f + 7. Calculate the remainder when (-3)/(v + 2 + (-95)/92) is divided by 19.
16
Suppose 29*q = -38*q + 12*q + 440. Let s(y) = 4*y**2 - 3*y + 1. What is the remainder when s(2) is divided by q?
3
Suppose -4*c = 745 - 97. Let m = -106 - c. What is the remainder when m is divided by 19?
18
Suppose 4*f + 57 = m, 21*m - 3*f = 16*m + 200. Calculate the remainder when 135 is divided by m.
24
Suppose c = -3*l + 19, 0*l - 2*l + 4*c + 36 = 0. What is the remainder when 31 is divided by l?
7
Let h(c) = 10*c**2 - 3*c + 2. Let t(s) = -s - 20. Let r be t(-13). What is the remainder when h(2) is divided by (-1 - -2) + 2 - r?
6
Let t = 411 - 404. Calculate the remainder when 200 is divided by t.
4
Let t(u) = -u**3 - 15*u**2 - 25*u - 3. Let p be t(-13). Let b = 22 + p. What is the remainder when 14 is divided by b?
2
Let f = -1592 - -1636. Calculate the remainder when 743 is divided by f.
39
Suppose 0 = 4*x - 9 - 7. Suppose p + n = 4, -16 = p + p - x*n. Suppose p = -26*g + 31*g - 270. Calculate the remainder when g is divided by 19.
16
Let z(s) = -s**2 - 9*s + 11. Let n = -317 + 324. What is the remainder when z(-8) is divided by n?
5
What is the remainder when (-84)/12 + 1 + 206 is divided by 67?
66
Suppose 3*d + 20 + 31 = 2*x, d = -3. Suppose -i - c - 25 = -4*i, 43 = 5*i - 2*c. Calculate the remainder when x is divided by i.
0
Let l = 31 - 14. Let h = -25 - -37. Calculate the remainder when l is divided by (-16)/h*(-45)/6.
7
Let p(r) = r**2 - 5*r - 11. Let b be p(7). Suppose 5*n - 186 = b*n. Suppose f = 25 + n. What is the remainder when f is divided by 30?
28
Let f(z) = 2 + 6 - z**2 + 8 + 0 + 2*z. Calculate the remainder when f(5) is divided by 1.
0
What is the remainder when (-85)/2*(-288)/180 is divided by 14?
12
Let i(m) = 6*m**2 + 4. Let w(t) = 2*t**2 + 1. Let r(n) = -3*i(n) + 10*w(n). Let g = 21 - 24. What is the remainder when 62 is divided by r(g)?
14
Suppose -9*r + 464 = -4*r - 3*y, -5*y = -3*r + 272. Calculate the remainder when r is divided by 54.
40
Let h(y) = 2*y + 11. Let l be h(-5). Calculate the remainder when 49 is divided by 21 - 1*4/l.
15
Suppose 2*q = -8, 2*q = -4*v - 0*q + 172. What is the remainder when v is divided by 0 + (-1 - -8*3)?
22
Let c = 1 + 7. Suppose -21*o = -5*g - 20*o + 129, -51 = -2*g + o. Calculate the remainder when g is divided by c.
2
Suppose 0 = -3*j + 4*g + 91, 0 = -4*j - g + 39 + 57. Calculate the remainder when 72 - 2*(-2 + 1) is divided by j.
24
Suppose -3*u = 4*k - 43, 2*u = -5*k + 36 + 23. Let f be (15/6 + -2)/((-5)/10). Let g(a) = 64*a**2. Calculate the remainder when g(f) is divided by k.
12
Let g be -1 + 0 + -9 + 4. Let i = g + 4. Calculate the remainder when ((-8)/(-24))/(i/(-282)) is divided by 12.
11
Suppose -4*o = 2*m, o + 0 + 2 = 0. What is the remainder when 41 is divided by m?
1
Let k = -37 - -130. Suppose 4*a - 34 - 90 = 3*i, 0 = -3*a + i + k. Calculate the remainder when 121 is divided by a.
28
Suppose 3*b - 7*b - 20 = 0, -3*g = 4*b + 5. Let l = 24 - 28. What is the remainder when 4 is divided by g + l - (-4 + 2)?
1
Let s = 9 + -6. Let h(b) = b**3 - 3*b**2 - 2*b + 19. Let t be h(6). Let w = 125 - t. Calculate the remainder when w is divided by s.
1
Suppose 0 = -4*b + 110 + 58. What is the remainder when 221 is divided by b?
11
Let h(q) be the second derivative of -3*q**3/2 + 7*q**2/2 - 2*q. Calculate the remainder when h(-3) is divided by 5.
4
Let l = -174 - -478. Calculate the remainder when l is divided by 24.
16
Suppose -y - 187 + 46 = 0. Let m = -74 - y. Calculate the remainder when m is divided by 84/(-8)*(-4)/3.
11
Suppose -2*a - 34 = -2*q, -2*q + 34 = 5*a - 0*a. Let z = q - 7. Calculate the remainder when 13 is divided by (z/6 + -1)*6.
1
Let v = -49 + 95. Suppose 5*i - 3*h = 11, -i = 2*h + 3*h - 19. Suppose -6*p + 24 = -i*p. Calculate the remainder when v is divided by p.
10
Let r(w) = w**3 - 14*w**2 - 32*w + 4. Let y be r(16). Suppose y*a - 355 = -6*q + q, 4*q = -a + 75. Calculate the remainder when a is divided by (2 - (3 - 7))*4.
23
Let f(x) = x**3 - 5*x**2 + 4*x + 17. Calculate the remainder when 83 is divided by f(4).
15
Suppose -3*f + 102 - 2 = 2*u, 20 = -5*f. Let b = -74 - -125. Suppose 5*p = 44 + b. What is the remainder when u is divided by p?
18
Suppose -23*r + 2766 - 719 = 0. What is the remainder when 230 is divided by r?
52
Let z be (282/8)/(3/8). Suppose 3*m = 3*j - 7*j + z, -4*m - 108 = -4*j. Let t = -20 + j. Calculate the remainder when 13 is divided by t.
3
Suppose 3*i - 227 = 6*s + 151, 4*i - 480 = 2*s. What is the remainder when i is divided by 17?
16
Suppose 3*v = s + 15, 8*s + 15 = 4*s + 3*v. Suppose 5*w = 4*f + 14, -4*w + 4 = -s*w - 5*f. Let l = w + 7. What is the remainder when 25 is divided by l?
12
Let g be (-3 - (0 - 4)) + 1. Let i = -16 - -31. Suppose i = n + g*n - l, 3*l + 5 = n. What is the remainder when n is divided by 4?
1
Let c be -2 + 1 - 54/(-3). Let b be -2 + (-1 - 0) - -26. Let k = b - c. What is the remainder when 9 is divided by k?
3
Let y(m) = 13*m**2. What is the remainder when y(1) is divided by ((-2640)/(-100))/(-11)*10/(-8)?
1
Let z(k) = 3*k**2 - 20*k - 98. What is the remainder when z(-4) is divided by 23?
7
Let m(y) = y**2 + 32*y + 81. Calculate the remainder when m(-34) is divided by 21.
2
Let c(o) = -o**2 + 9*o. Suppose 4*y = -3*h + 44, h + h - 44 = -4*y. What is the remainder when c(7) is divided by y?
3
Let g(s) = 24*s**2 - 2*s + 4. Let n be g(4). Suppose -4*q - 228 = -3*f + q, 3*q + n = 5*f. What is the remainder when f is divided by 16?
12
Let x = 2475 + 